{"id":202,"date":"2023-07-24T11:41:37","date_gmt":"2023-07-24T09:41:37","guid":{"rendered":"https:\/\/latelierdubois.net\/?page_id=202"},"modified":"2023-11-01T08:52:16","modified_gmt":"2023-11-01T07:52:16","slug":"nos-caissettes","status":"publish","type":"page","link":"https:\/\/latelierdubois.net\/index.php\/nos-caissettes\/","title":{"rendered":"NOS CAISSETTES"},"content":{"rendered":"\n<p>L\u2019Atelier du Bois vous propose de nombreuses caissettes en bois de pins des Landes. Vous trouverez des caissettes de plusieurs dimensions, de diff\u00e9rents design.<\/p>\n\n\n\n<hr class=\"wp-block-separator has-alpha-channel-opacity\"\/>\n\n\n<div class=\"wp-block-image\">\n<figure class=\"aligncenter size-large is-resized\"><img loading=\"lazy\" decoding=\"async\" width=\"1024\" height=\"1022\" src=\"http:\/\/latelierdubois.net\/wp-content\/uploads\/2023\/10\/Caissette-8x33cl-1024x1022.jpg\" alt=\"\" class=\"wp-image-335\" style=\"aspect-ratio:1.0019569471624266;width:342px;height:auto\" srcset=\"https:\/\/latelierdubois.net\/wp-content\/uploads\/2023\/10\/Caissette-8x33cl-1024x1022.jpg 1024w, https:\/\/latelierdubois.net\/wp-content\/uploads\/2023\/10\/Caissette-8x33cl-300x300.jpg 300w, https:\/\/latelierdubois.net\/wp-content\/uploads\/2023\/10\/Caissette-8x33cl-150x150.jpg 150w, https:\/\/latelierdubois.net\/wp-content\/uploads\/2023\/10\/Caissette-8x33cl-768x767.jpg 768w, https:\/\/latelierdubois.net\/wp-content\/uploads\/2023\/10\/Caissette-8x33cl-1536x1534.jpg 1536w, https:\/\/latelierdubois.net\/wp-content\/uploads\/2023\/10\/Caissette-8x33cl-2048x2045.jpg 2048w, https:\/\/latelierdubois.net\/wp-content\/uploads\/2023\/10\/Caissette-8x33cl-1140x1138.jpg 1140w, https:\/\/latelierdubois.net\/wp-content\/uploads\/2023\/10\/Caissette-8x33cl-75x75.jpg 75w\" sizes=\"auto, (max-width: 1024px) 100vw, 1024px\" \/><figcaption class=\"wp-element-caption\"><strong><em>Caissette 6 X 33 CL<\/em><\/strong> R\u00e9f\u00e9rence AR00010<br>Caissette en Pins des Landes. <br>Possibilit\u00e9 de personnaliser les caissettes \u00e0 vos couleurs. <br>Ces caissettes en bois mettent en valeurs le c\u00f4t\u00e9 authentique et artisanale de votre bi\u00e8re<\/figcaption><\/figure>\n<\/div>\n\n\n<hr class=\"wp-block-separator has-alpha-channel-opacity\"\/>\n\n\n<div class=\"wp-block-image\">\n<figure class=\"aligncenter is-resized\"><img loading=\"lazy\" decoding=\"async\" width=\"2487\" height=\"2483\" src=\"http:\/\/latelierdubois.net\/wp-content\/uploads\/2023\/10\/Caissette-8x33cl.jpg\" alt=\"\" class=\"wp-image-335\" style=\"aspect-ratio:1.0016109544905356;width:338px;height:auto\" srcset=\"https:\/\/latelierdubois.net\/wp-content\/uploads\/2023\/10\/Caissette-8x33cl.jpg 2487w, https:\/\/latelierdubois.net\/wp-content\/uploads\/2023\/10\/Caissette-8x33cl-300x300.jpg 300w, https:\/\/latelierdubois.net\/wp-content\/uploads\/2023\/10\/Caissette-8x33cl-1024x1022.jpg 1024w, https:\/\/latelierdubois.net\/wp-content\/uploads\/2023\/10\/Caissette-8x33cl-150x150.jpg 150w, https:\/\/latelierdubois.net\/wp-content\/uploads\/2023\/10\/Caissette-8x33cl-768x767.jpg 768w, https:\/\/latelierdubois.net\/wp-content\/uploads\/2023\/10\/Caissette-8x33cl-1536x1534.jpg 1536w, https:\/\/latelierdubois.net\/wp-content\/uploads\/2023\/10\/Caissette-8x33cl-2048x2045.jpg 2048w, https:\/\/latelierdubois.net\/wp-content\/uploads\/2023\/10\/Caissette-8x33cl-1140x1138.jpg 1140w, https:\/\/latelierdubois.net\/wp-content\/uploads\/2023\/10\/Caissette-8x33cl-75x75.jpg 75w\" sizes=\"auto, (max-width: 2487px) 100vw, 2487px\" \/><figcaption class=\"wp-element-caption\"><strong><em>Caissette 8 X 33 CL<\/em><\/strong> R\u00e9f\u00e9rence AR0009<br>Caissette en Pins des Landes. <br>Possibilit\u00e9 de personnaliser les caissettes \u00e0 vos couleurs. <br>Ces caissettes en bois mettent en valeurs le c\u00f4t\u00e9 authentique et artisanale de votre bi\u00e8re<\/figcaption><\/figure>\n<\/div>\n\n\n<hr class=\"wp-block-separator has-alpha-channel-opacity\"\/>\n\n\n<div class=\"wp-block-image\">\n<figure class=\"aligncenter size-full is-resized\"><img decoding=\"async\" src=\"https:\/\/latelierdubois.net\/wp-content\/uploads\/2023\/07\/Caissette-12x33cl-2.png\" alt=\"\" class=\"wp-image-244\" style=\"aspect-ratio:1.3825136612021858;width:403px;height:auto\"\/><figcaption class=\"wp-element-caption\"><strong><em>Caissette 12 X 33 CL <\/em><\/strong>R\u00e9f\u00e9rence AR0011<br>Caissette en Pins des Landes. <br>Possibilit\u00e9 de personnaliser les caissettes \u00e0 vos couleurs. <br>Ces caissettes en bois mettent en valeurs le c\u00f4t\u00e9 authentique et artisanale de votre bi\u00e8re.<\/figcaption><\/figure>\n<\/div>\n\n\n<hr class=\"wp-block-separator has-alpha-channel-opacity\"\/>\n\n\n\n<p>Pour plus d\u2019informations sur nos caissettes ou pour une demande de personnalisation n\u2019h\u00e9sitez pas \u00e0&nbsp;<a href=\"https:\/\/latelierdubois.net\/index.php\/comment-nous-contacter\/\" target=\"_blank\" rel=\"noreferrer noopener\">nous contacter<\/a>. Nous r\u00e9pondrons dans les plus br\u00e8ves d\u00e9lais.<\/p>\n","protected":false},"excerpt":{"rendered":"<p>L\u2019Atelier du Bois vous propose de nombreuses caissettes en bois de pins des Landes. Vous trouverez des caissettes de plusieurs dimensions, de diff\u00e9rents design. Pour plus d\u2019informations sur nos caissettes ou pour une demande de personnalisation n\u2019h\u00e9sitez pas \u00e0&nbsp;nous contacter. Nous r\u00e9pondrons dans les plus br\u00e8ves d\u00e9lais.<\/p>\n","protected":false},"author":1,"featured_media":0,"parent":0,"menu_order":0,"comment_status":"closed","ping_status":"closed","template":"","meta":{"_monsterinsights_skip_tracking":false,"_monsterinsights_sitenote_active":false,"_monsterinsights_sitenote_note":"","_monsterinsights_sitenote_category":0,"_uf_show_specific_survey":0,"_uf_disable_surveys":false,"footnotes":""},"class_list":["post-202","page","type-page","status-publish","hentry"],"yoast_head":"<!-- This site is optimized with the Yoast SEO plugin v27.3 - https:\/\/yoast.com\/product\/yoast-seo-wordpress\/ -->\n<title>NOS CAISSETTES - L&#039;ATELIER DU BOIS<\/title>\n<meta name=\"robots\" content=\"index, follow, max-snippet:-1, max-image-preview:large, max-video-preview:-1\" \/>\n<link rel=\"canonical\" href=\"https:\/\/latelierdubois.net\/index.php\/nos-caissettes\/\" \/>\n<meta property=\"og:locale\" content=\"en_US\" \/>\n<meta property=\"og:type\" content=\"article\" \/>\n<meta property=\"og:title\" content=\"NOS CAISSETTES - L&#039;ATELIER DU BOIS\" \/>\n<meta property=\"og:description\" content=\"L\u2019Atelier du Bois vous propose de nombreuses caissettes en bois de pins des Landes. Vous trouverez des caissettes de plusieurs dimensions, de diff\u00e9rents design. Pour plus d\u2019informations sur nos caissettes ou pour une demande de personnalisation n\u2019h\u00e9sitez pas \u00e0&nbsp;nous contacter. Nous r\u00e9pondrons dans les plus br\u00e8ves d\u00e9lais.\" \/>\n<meta property=\"og:url\" content=\"https:\/\/latelierdubois.net\/index.php\/nos-caissettes\/\" \/>\n<meta property=\"og:site_name\" content=\"L&#039;ATELIER DU BOIS\" \/>\n<meta property=\"article:modified_time\" content=\"2023-11-01T07:52:16+00:00\" \/>\n<meta property=\"og:image\" content=\"http:\/\/latelierdubois.net\/wp-content\/uploads\/2023\/10\/Caissette-8x33cl-1024x1022.jpg\" \/>\n<meta name=\"twitter:card\" content=\"summary_large_image\" \/>\n<meta name=\"twitter:label1\" content=\"Est. reading time\" \/>\n\t<meta name=\"twitter:data1\" content=\"2 minutes\" \/>\n<script type=\"application\/ld+json\" class=\"yoast-schema-graph\">{\"@context\":\"https:\\\/\\\/schema.org\",\"@graph\":[{\"@type\":\"WebPage\",\"@id\":\"https:\\\/\\\/latelierdubois.net\\\/index.php\\\/nos-caissettes\\\/\",\"url\":\"https:\\\/\\\/latelierdubois.net\\\/index.php\\\/nos-caissettes\\\/\",\"name\":\"NOS CAISSETTES - L&#039;ATELIER DU BOIS\",\"isPartOf\":{\"@id\":\"https:\\\/\\\/latelierdubois.net\\\/#website\"},\"primaryImageOfPage\":{\"@id\":\"https:\\\/\\\/latelierdubois.net\\\/index.php\\\/nos-caissettes\\\/#primaryimage\"},\"image\":{\"@id\":\"https:\\\/\\\/latelierdubois.net\\\/index.php\\\/nos-caissettes\\\/#primaryimage\"},\"thumbnailUrl\":\"http:\\\/\\\/latelierdubois.net\\\/wp-content\\\/uploads\\\/2023\\\/10\\\/Caissette-8x33cl-1024x1022.jpg\",\"datePublished\":\"2023-07-24T09:41:37+00:00\",\"dateModified\":\"2023-11-01T07:52:16+00:00\",\"breadcrumb\":{\"@id\":\"https:\\\/\\\/latelierdubois.net\\\/index.php\\\/nos-caissettes\\\/#breadcrumb\"},\"inLanguage\":\"en-US\",\"potentialAction\":[{\"@type\":\"ReadAction\",\"target\":[\"https:\\\/\\\/latelierdubois.net\\\/index.php\\\/nos-caissettes\\\/\"]}]},{\"@type\":\"ImageObject\",\"inLanguage\":\"en-US\",\"@id\":\"https:\\\/\\\/latelierdubois.net\\\/index.php\\\/nos-caissettes\\\/#primaryimage\",\"url\":\"http:\\\/\\\/latelierdubois.net\\\/wp-content\\\/uploads\\\/2023\\\/10\\\/Caissette-8x33cl-1024x1022.jpg\",\"contentUrl\":\"http:\\\/\\\/latelierdubois.net\\\/wp-content\\\/uploads\\\/2023\\\/10\\\/Caissette-8x33cl-1024x1022.jpg\"},{\"@type\":\"BreadcrumbList\",\"@id\":\"https:\\\/\\\/latelierdubois.net\\\/index.php\\\/nos-caissettes\\\/#breadcrumb\",\"itemListElement\":[{\"@type\":\"ListItem\",\"position\":1,\"name\":\"Accueil\",\"item\":\"https:\\\/\\\/latelierdubois.net\\\/\"},{\"@type\":\"ListItem\",\"position\":2,\"name\":\"NOS CAISSETTES\"}]},{\"@type\":\"WebSite\",\"@id\":\"https:\\\/\\\/latelierdubois.net\\\/#website\",\"url\":\"https:\\\/\\\/latelierdubois.net\\\/\",\"name\":\"L'ATELIER DU BOIS\",\"description\":\"\",\"publisher\":{\"@id\":\"https:\\\/\\\/latelierdubois.net\\\/#organization\"},\"potentialAction\":[{\"@type\":\"SearchAction\",\"target\":{\"@type\":\"EntryPoint\",\"urlTemplate\":\"https:\\\/\\\/latelierdubois.net\\\/?s={search_term_string}\"},\"query-input\":{\"@type\":\"PropertyValueSpecification\",\"valueRequired\":true,\"valueName\":\"search_term_string\"}}],\"inLanguage\":\"en-US\"},{\"@type\":\"Organization\",\"@id\":\"https:\\\/\\\/latelierdubois.net\\\/#organization\",\"name\":\"L'ATELIER DU BOIS\",\"url\":\"https:\\\/\\\/latelierdubois.net\\\/\",\"logo\":{\"@type\":\"ImageObject\",\"inLanguage\":\"en-US\",\"@id\":\"https:\\\/\\\/latelierdubois.net\\\/#\\\/schema\\\/logo\\\/image\\\/\",\"url\":\"https:\\\/\\\/latelierdubois.net\\\/wp-content\\\/uploads\\\/2023\\\/11\\\/cropped-latelier-du-bois217.png\",\"contentUrl\":\"https:\\\/\\\/latelierdubois.net\\\/wp-content\\\/uploads\\\/2023\\\/11\\\/cropped-latelier-du-bois217.png\",\"width\":2216,\"height\":2324,\"caption\":\"L'ATELIER DU BOIS\"},\"image\":{\"@id\":\"https:\\\/\\\/latelierdubois.net\\\/#\\\/schema\\\/logo\\\/image\\\/\"}}]}<\/script>\n<!-- \/ Yoast SEO plugin. -->","yoast_head_json":{"title":"NOS CAISSETTES - L&#039;ATELIER DU BOIS","robots":{"index":"index","follow":"follow","max-snippet":"max-snippet:-1","max-image-preview":"max-image-preview:large","max-video-preview":"max-video-preview:-1"},"canonical":"https:\/\/latelierdubois.net\/index.php\/nos-caissettes\/","og_locale":"en_US","og_type":"article","og_title":"NOS CAISSETTES - L&#039;ATELIER DU BOIS","og_description":"L\u2019Atelier du Bois vous propose de nombreuses caissettes en bois de pins des Landes. Vous trouverez des caissettes de plusieurs dimensions, de diff\u00e9rents design. Pour plus d\u2019informations sur nos caissettes ou pour une demande de personnalisation n\u2019h\u00e9sitez pas \u00e0&nbsp;nous contacter. Nous r\u00e9pondrons dans les plus br\u00e8ves d\u00e9lais.","og_url":"https:\/\/latelierdubois.net\/index.php\/nos-caissettes\/","og_site_name":"L&#039;ATELIER DU BOIS","article_modified_time":"2023-11-01T07:52:16+00:00","og_image":[{"url":"http:\/\/latelierdubois.net\/wp-content\/uploads\/2023\/10\/Caissette-8x33cl-1024x1022.jpg","type":"","width":"","height":""}],"twitter_card":"summary_large_image","twitter_misc":{"Est. reading time":"2 minutes"},"schema":{"@context":"https:\/\/schema.org","@graph":[{"@type":"WebPage","@id":"https:\/\/latelierdubois.net\/index.php\/nos-caissettes\/","url":"https:\/\/latelierdubois.net\/index.php\/nos-caissettes\/","name":"NOS CAISSETTES - L&#039;ATELIER DU BOIS","isPartOf":{"@id":"https:\/\/latelierdubois.net\/#website"},"primaryImageOfPage":{"@id":"https:\/\/latelierdubois.net\/index.php\/nos-caissettes\/#primaryimage"},"image":{"@id":"https:\/\/latelierdubois.net\/index.php\/nos-caissettes\/#primaryimage"},"thumbnailUrl":"http:\/\/latelierdubois.net\/wp-content\/uploads\/2023\/10\/Caissette-8x33cl-1024x1022.jpg","datePublished":"2023-07-24T09:41:37+00:00","dateModified":"2023-11-01T07:52:16+00:00","breadcrumb":{"@id":"https:\/\/latelierdubois.net\/index.php\/nos-caissettes\/#breadcrumb"},"inLanguage":"en-US","potentialAction":[{"@type":"ReadAction","target":["https:\/\/latelierdubois.net\/index.php\/nos-caissettes\/"]}]},{"@type":"ImageObject","inLanguage":"en-US","@id":"https:\/\/latelierdubois.net\/index.php\/nos-caissettes\/#primaryimage","url":"http:\/\/latelierdubois.net\/wp-content\/uploads\/2023\/10\/Caissette-8x33cl-1024x1022.jpg","contentUrl":"http:\/\/latelierdubois.net\/wp-content\/uploads\/2023\/10\/Caissette-8x33cl-1024x1022.jpg"},{"@type":"BreadcrumbList","@id":"https:\/\/latelierdubois.net\/index.php\/nos-caissettes\/#breadcrumb","itemListElement":[{"@type":"ListItem","position":1,"name":"Accueil","item":"https:\/\/latelierdubois.net\/"},{"@type":"ListItem","position":2,"name":"NOS CAISSETTES"}]},{"@type":"WebSite","@id":"https:\/\/latelierdubois.net\/#website","url":"https:\/\/latelierdubois.net\/","name":"L'ATELIER DU BOIS","description":"","publisher":{"@id":"https:\/\/latelierdubois.net\/#organization"},"potentialAction":[{"@type":"SearchAction","target":{"@type":"EntryPoint","urlTemplate":"https:\/\/latelierdubois.net\/?s={search_term_string}"},"query-input":{"@type":"PropertyValueSpecification","valueRequired":true,"valueName":"search_term_string"}}],"inLanguage":"en-US"},{"@type":"Organization","@id":"https:\/\/latelierdubois.net\/#organization","name":"L'ATELIER DU BOIS","url":"https:\/\/latelierdubois.net\/","logo":{"@type":"ImageObject","inLanguage":"en-US","@id":"https:\/\/latelierdubois.net\/#\/schema\/logo\/image\/","url":"https:\/\/latelierdubois.net\/wp-content\/uploads\/2023\/11\/cropped-latelier-du-bois217.png","contentUrl":"https:\/\/latelierdubois.net\/wp-content\/uploads\/2023\/11\/cropped-latelier-du-bois217.png","width":2216,"height":2324,"caption":"L'ATELIER DU BOIS"},"image":{"@id":"https:\/\/latelierdubois.net\/#\/schema\/logo\/image\/"}}]}},"_links":{"self":[{"href":"https:\/\/latelierdubois.net\/index.php\/wp-json\/wp\/v2\/pages\/202","targetHints":{"allow":["GET"]}}],"collection":[{"href":"https:\/\/latelierdubois.net\/index.php\/wp-json\/wp\/v2\/pages"}],"about":[{"href":"https:\/\/latelierdubois.net\/index.php\/wp-json\/wp\/v2\/types\/page"}],"author":[{"embeddable":true,"href":"https:\/\/latelierdubois.net\/index.php\/wp-json\/wp\/v2\/users\/1"}],"replies":[{"embeddable":true,"href":"https:\/\/latelierdubois.net\/index.php\/wp-json\/wp\/v2\/comments?post=202"}],"version-history":[{"count":6,"href":"https:\/\/latelierdubois.net\/index.php\/wp-json\/wp\/v2\/pages\/202\/revisions"}],"predecessor-version":[{"id":356,"href":"https:\/\/latelierdubois.net\/index.php\/wp-json\/wp\/v2\/pages\/202\/revisions\/356"}],"wp:attachment":[{"href":"https:\/\/latelierdubois.net\/index.php\/wp-json\/wp\/v2\/media?parent=202"}],"curies":[{"name":"wp","href":"https:\/\/api.w.org\/{rel}","templated":true}]}}