{"id":32,"date":"2023-07-17T11:40:35","date_gmt":"2023-07-17T09:40:35","guid":{"rendered":"https:\/\/latelierdubois.net\/?page_id=32"},"modified":"2025-08-21T12:28:36","modified_gmt":"2025-08-21T10:28:36","slug":"nos-produits","status":"publish","type":"page","link":"https:\/\/latelierdubois.net\/index.php\/nos-produits\/","title":{"rendered":"NOS PRODUITS"},"content":{"rendered":"\n<h2 class=\"wp-block-heading\">D\u00e9couvrez l&#8217;\u00e9l\u00e9gance naturelle des caissettes et coffrets en bois de pins des Landes<\/h2>\n\n\n\n<p>Au c\u0153ur de la magnifique r\u00e9gion des Landes, r\u00e9put\u00e9e pour ses vastes \u00e9tendues de pins maritimes, se cache un tr\u00e9sor artisanal&nbsp;: les <a href=\"https:\/\/latelierdubois.net\/index.php\/nos-caissettes\/\" target=\"_blank\" rel=\"noopener\" title=\"caissettes \">caissettes <\/a>et <a href=\"https:\/\/latelierdubois.net\/index.php\/nos-coffrets\/\" target=\"_blank\" rel=\"noopener\" title=\"coffrets\">coffrets<\/a> en bois de pins des Landes. <\/p>\n\n\n\n<p>Ces produits uniques sont con\u00e7us avec amour et respect de la nature, mettant en valeur la beaut\u00e9 naturelle du bois local tout en offrant une fonctionnalit\u00e9 pratique. <\/p>\n\n\n\n<p>Dans cet article, nous vous souhaitons de plonger dans l&#8217;univers de ces cr\u00e9ations exceptionnelles qui allient charme rustique et utilit\u00e9 contemporaine.<\/p>\n\n\n\n<ul class=\"wp-block-list\">\n<li><a href=\"https:\/\/latelierdubois.net\/index.php\/nos-coffrets\/\" target=\"_blank\" rel=\"noopener\" title=\"NOS COFFRETS\">NOS COFFRETS<\/a><\/li>\n\n\n\n<li><a title=\"NOS CAISSETTES\" href=\"https:\/\/latelierdubois.net\/index.php\/nos-caissettes\/\" target=\"_blank\" rel=\"noopener\">NOS CAISSETTES<\/a><\/li>\n\n\n\n<li><a href=\"http:\/\/latelierdubois.net\/index.php\/nos-coffrets-canettes\/\">NOS COFFRETS CANETTES<\/a><\/li>\n\n\n\n<li><a href=\"http:\/\/latelierdubois.net\/index.php\/nos-pr\u00e9sentoirs\/\">NOS PRESENTOIRS PLV<\/a><\/li>\n\n\n\n<li><a href=\"http:\/\/nos coffrets sur mesure\">NOS COFFRETS SUR MESURE<\/a><\/li>\n<\/ul>\n\n\n\n<p><font _mstmutation=\"1\"><\/font><\/p>\n\n\n\n<p><\/p>\n\n\n\n<figure class=\"wp-block-gallery has-nested-images columns-default is-cropped wp-block-gallery-1 is-layout-flex wp-block-gallery-is-layout-flex\">\n<figure class=\"wp-block-image size-large\"><img loading=\"lazy\" decoding=\"async\" width=\"600\" height=\"394\" data-id=\"166\" src=\"https:\/\/latelierdubois.net\/wp-content\/uploads\/2023\/07\/coffret-6x33cl-1-1.png\" alt=\"\" class=\"wp-image-166\" srcset=\"https:\/\/latelierdubois.net\/wp-content\/uploads\/2023\/07\/coffret-6x33cl-1-1.png 600w, https:\/\/latelierdubois.net\/wp-content\/uploads\/2023\/07\/coffret-6x33cl-1-1-300x197.png 300w\" sizes=\"auto, (max-width: 600px) 100vw, 600px\" \/><\/figure>\n\n\n\n<figure class=\"wp-block-image size-full\"><img loading=\"lazy\" decoding=\"async\" width=\"439\" height=\"585\" data-id=\"180\" src=\"http:\/\/latelierdubois.net\/wp-content\/uploads\/2023\/07\/Caisse-a-outil-4-x-33cl.png\" alt=\"\" class=\"wp-image-180\" srcset=\"https:\/\/latelierdubois.net\/wp-content\/uploads\/2023\/07\/Caisse-a-outil-4-x-33cl.png 439w, https:\/\/latelierdubois.net\/wp-content\/uploads\/2023\/07\/Caisse-a-outil-4-x-33cl-225x300.png 225w\" sizes=\"auto, (max-width: 439px) 100vw, 439px\" \/><\/figure>\n\n\n\n<figure class=\"wp-block-image size-large\"><img decoding=\"async\" data-id=\"169\" src=\"https:\/\/latelierdubois.net\/wp-content\/uploads\/2023\/07\/Coffret-tendance-3-x-75cl.png\" alt=\"\" class=\"wp-image-169\"\/><\/figure>\n\n\n\n<figure class=\"wp-block-image size-large\"><img loading=\"lazy\" decoding=\"async\" width=\"1024\" height=\"577\" data-id=\"171\" src=\"https:\/\/latelierdubois.net\/wp-content\/uploads\/2023\/07\/Coffret-8x50cl-1024x577.png\" alt=\"\" class=\"wp-image-171\" srcset=\"https:\/\/latelierdubois.net\/wp-content\/uploads\/2023\/07\/Coffret-8x50cl-1024x577.png 1024w, https:\/\/latelierdubois.net\/wp-content\/uploads\/2023\/07\/Coffret-8x50cl-300x169.png 300w, https:\/\/latelierdubois.net\/wp-content\/uploads\/2023\/07\/Coffret-8x50cl-768x433.png 768w, https:\/\/latelierdubois.net\/wp-content\/uploads\/2023\/07\/Coffret-8x50cl-1536x866.png 1536w, https:\/\/latelierdubois.net\/wp-content\/uploads\/2023\/07\/Coffret-8x50cl-2048x1154.png 2048w, https:\/\/latelierdubois.net\/wp-content\/uploads\/2023\/07\/Coffret-8x50cl-1568x884.png 1568w\" sizes=\"auto, (max-width: 1024px) 100vw, 1024px\" \/><\/figure>\n<\/figure>\n","protected":false},"excerpt":{"rendered":"<p>D\u00e9couvrez l&#8217;\u00e9l\u00e9gance naturelle des caissettes et coffrets en bois de pins des Landes Au c\u0153ur de la magnifique r\u00e9gion des Landes, r\u00e9put\u00e9e pour ses vastes \u00e9tendues de pins maritimes, se cache un tr\u00e9sor artisanal&nbsp;: les caissettes et coffrets en bois de pins des Landes. Ces produits uniques sont con\u00e7us avec amour et respect de la nature, mettant en valeur la beaut\u00e9 naturelle du bois local tout en offrant une fonctionnalit\u00e9 pratique. Dans cet article, nous vous souhaitons de plonger dans l&#8217;univers de ces cr\u00e9ations exceptionnelles qui allient charme rustique et utilit\u00e9 contemporaine.<\/p>\n","protected":false},"author":1,"featured_media":0,"parent":0,"menu_order":0,"comment_status":"closed","ping_status":"closed","template":"","meta":{"_monsterinsights_skip_tracking":false,"_monsterinsights_sitenote_active":false,"_monsterinsights_sitenote_note":"","_monsterinsights_sitenote_category":0,"_uf_show_specific_survey":0,"_uf_disable_surveys":false,"footnotes":""},"class_list":["post-32","page","type-page","status-publish","hentry"],"yoast_head":"<!-- This site is optimized with the Yoast SEO plugin v27.3 - https:\/\/yoast.com\/product\/yoast-seo-wordpress\/ -->\n<title>NOS PRODUITS - L&#039;ATELIER DU BOIS<\/title>\n<meta name=\"robots\" content=\"index, follow, max-snippet:-1, max-image-preview:large, max-video-preview:-1\" \/>\n<link rel=\"canonical\" href=\"https:\/\/latelierdubois.net\/index.php\/nos-produits\/\" \/>\n<meta property=\"og:locale\" content=\"en_US\" \/>\n<meta property=\"og:type\" content=\"article\" \/>\n<meta property=\"og:title\" content=\"NOS PRODUITS - L&#039;ATELIER DU BOIS\" \/>\n<meta property=\"og:description\" content=\"D\u00e9couvrez l&#8217;\u00e9l\u00e9gance naturelle des caissettes et coffrets en bois de pins des Landes Au c\u0153ur de la magnifique r\u00e9gion des Landes, r\u00e9put\u00e9e pour ses vastes \u00e9tendues de pins maritimes, se cache un tr\u00e9sor artisanal&nbsp;: les caissettes et coffrets en bois de pins des Landes. Ces produits uniques sont con\u00e7us avec amour et respect de la nature, mettant en valeur la beaut\u00e9 naturelle du bois local tout en offrant une fonctionnalit\u00e9 pratique. Dans cet article, nous vous souhaitons de plonger dans l&#8217;univers de ces cr\u00e9ations exceptionnelles qui allient charme rustique et utilit\u00e9 contemporaine.\" \/>\n<meta property=\"og:url\" content=\"https:\/\/latelierdubois.net\/index.php\/nos-produits\/\" \/>\n<meta property=\"og:site_name\" content=\"L&#039;ATELIER DU BOIS\" \/>\n<meta property=\"article:modified_time\" content=\"2025-08-21T10:28:36+00:00\" \/>\n<meta property=\"og:image\" content=\"https:\/\/latelierdubois.net\/wp-content\/uploads\/2023\/07\/coffret-6x33cl-1-1.png\" \/>\n\t<meta property=\"og:image:width\" content=\"600\" \/>\n\t<meta property=\"og:image:height\" content=\"394\" \/>\n\t<meta property=\"og:image:type\" content=\"image\/png\" \/>\n<meta name=\"twitter:card\" content=\"summary_large_image\" \/>\n<meta name=\"twitter:label1\" content=\"Est. reading time\" \/>\n\t<meta name=\"twitter:data1\" content=\"2 minutes\" \/>\n<script type=\"application\/ld+json\" class=\"yoast-schema-graph\">{\"@context\":\"https:\\\/\\\/schema.org\",\"@graph\":[{\"@type\":\"WebPage\",\"@id\":\"https:\\\/\\\/latelierdubois.net\\\/index.php\\\/nos-produits\\\/\",\"url\":\"https:\\\/\\\/latelierdubois.net\\\/index.php\\\/nos-produits\\\/\",\"name\":\"NOS PRODUITS - L&#039;ATELIER DU BOIS\",\"isPartOf\":{\"@id\":\"https:\\\/\\\/latelierdubois.net\\\/#website\"},\"primaryImageOfPage\":{\"@id\":\"https:\\\/\\\/latelierdubois.net\\\/index.php\\\/nos-produits\\\/#primaryimage\"},\"image\":{\"@id\":\"https:\\\/\\\/latelierdubois.net\\\/index.php\\\/nos-produits\\\/#primaryimage\"},\"thumbnailUrl\":\"https:\\\/\\\/latelierdubois.net\\\/wp-content\\\/uploads\\\/2023\\\/07\\\/coffret-6x33cl-1-1.png\",\"datePublished\":\"2023-07-17T09:40:35+00:00\",\"dateModified\":\"2025-08-21T10:28:36+00:00\",\"breadcrumb\":{\"@id\":\"https:\\\/\\\/latelierdubois.net\\\/index.php\\\/nos-produits\\\/#breadcrumb\"},\"inLanguage\":\"en-US\",\"potentialAction\":[{\"@type\":\"ReadAction\",\"target\":[\"https:\\\/\\\/latelierdubois.net\\\/index.php\\\/nos-produits\\\/\"]}]},{\"@type\":\"ImageObject\",\"inLanguage\":\"en-US\",\"@id\":\"https:\\\/\\\/latelierdubois.net\\\/index.php\\\/nos-produits\\\/#primaryimage\",\"url\":\"https:\\\/\\\/latelierdubois.net\\\/wp-content\\\/uploads\\\/2023\\\/07\\\/coffret-6x33cl-1-1.png\",\"contentUrl\":\"https:\\\/\\\/latelierdubois.net\\\/wp-content\\\/uploads\\\/2023\\\/07\\\/coffret-6x33cl-1-1.png\"},{\"@type\":\"BreadcrumbList\",\"@id\":\"https:\\\/\\\/latelierdubois.net\\\/index.php\\\/nos-produits\\\/#breadcrumb\",\"itemListElement\":[{\"@type\":\"ListItem\",\"position\":1,\"name\":\"Accueil\",\"item\":\"https:\\\/\\\/latelierdubois.net\\\/\"},{\"@type\":\"ListItem\",\"position\":2,\"name\":\"NOS PRODUITS\"}]},{\"@type\":\"WebSite\",\"@id\":\"https:\\\/\\\/latelierdubois.net\\\/#website\",\"url\":\"https:\\\/\\\/latelierdubois.net\\\/\",\"name\":\"L'ATELIER DU BOIS\",\"description\":\"\",\"publisher\":{\"@id\":\"https:\\\/\\\/latelierdubois.net\\\/#organization\"},\"potentialAction\":[{\"@type\":\"SearchAction\",\"target\":{\"@type\":\"EntryPoint\",\"urlTemplate\":\"https:\\\/\\\/latelierdubois.net\\\/?s={search_term_string}\"},\"query-input\":{\"@type\":\"PropertyValueSpecification\",\"valueRequired\":true,\"valueName\":\"search_term_string\"}}],\"inLanguage\":\"en-US\"},{\"@type\":\"Organization\",\"@id\":\"https:\\\/\\\/latelierdubois.net\\\/#organization\",\"name\":\"L'ATELIER DU BOIS\",\"url\":\"https:\\\/\\\/latelierdubois.net\\\/\",\"logo\":{\"@type\":\"ImageObject\",\"inLanguage\":\"en-US\",\"@id\":\"https:\\\/\\\/latelierdubois.net\\\/#\\\/schema\\\/logo\\\/image\\\/\",\"url\":\"https:\\\/\\\/latelierdubois.net\\\/wp-content\\\/uploads\\\/2023\\\/11\\\/cropped-latelier-du-bois217.png\",\"contentUrl\":\"https:\\\/\\\/latelierdubois.net\\\/wp-content\\\/uploads\\\/2023\\\/11\\\/cropped-latelier-du-bois217.png\",\"width\":2216,\"height\":2324,\"caption\":\"L'ATELIER DU BOIS\"},\"image\":{\"@id\":\"https:\\\/\\\/latelierdubois.net\\\/#\\\/schema\\\/logo\\\/image\\\/\"}}]}<\/script>\n<!-- \/ Yoast SEO plugin. -->","yoast_head_json":{"title":"NOS PRODUITS - L&#039;ATELIER DU BOIS","robots":{"index":"index","follow":"follow","max-snippet":"max-snippet:-1","max-image-preview":"max-image-preview:large","max-video-preview":"max-video-preview:-1"},"canonical":"https:\/\/latelierdubois.net\/index.php\/nos-produits\/","og_locale":"en_US","og_type":"article","og_title":"NOS PRODUITS - L&#039;ATELIER DU BOIS","og_description":"D\u00e9couvrez l&#8217;\u00e9l\u00e9gance naturelle des caissettes et coffrets en bois de pins des Landes Au c\u0153ur de la magnifique r\u00e9gion des Landes, r\u00e9put\u00e9e pour ses vastes \u00e9tendues de pins maritimes, se cache un tr\u00e9sor artisanal&nbsp;: les caissettes et coffrets en bois de pins des Landes. Ces produits uniques sont con\u00e7us avec amour et respect de la nature, mettant en valeur la beaut\u00e9 naturelle du bois local tout en offrant une fonctionnalit\u00e9 pratique. Dans cet article, nous vous souhaitons de plonger dans l&#8217;univers de ces cr\u00e9ations exceptionnelles qui allient charme rustique et utilit\u00e9 contemporaine.","og_url":"https:\/\/latelierdubois.net\/index.php\/nos-produits\/","og_site_name":"L&#039;ATELIER DU BOIS","article_modified_time":"2025-08-21T10:28:36+00:00","og_image":[{"width":600,"height":394,"url":"https:\/\/latelierdubois.net\/wp-content\/uploads\/2023\/07\/coffret-6x33cl-1-1.png","type":"image\/png"}],"twitter_card":"summary_large_image","twitter_misc":{"Est. reading time":"2 minutes"},"schema":{"@context":"https:\/\/schema.org","@graph":[{"@type":"WebPage","@id":"https:\/\/latelierdubois.net\/index.php\/nos-produits\/","url":"https:\/\/latelierdubois.net\/index.php\/nos-produits\/","name":"NOS PRODUITS - L&#039;ATELIER DU BOIS","isPartOf":{"@id":"https:\/\/latelierdubois.net\/#website"},"primaryImageOfPage":{"@id":"https:\/\/latelierdubois.net\/index.php\/nos-produits\/#primaryimage"},"image":{"@id":"https:\/\/latelierdubois.net\/index.php\/nos-produits\/#primaryimage"},"thumbnailUrl":"https:\/\/latelierdubois.net\/wp-content\/uploads\/2023\/07\/coffret-6x33cl-1-1.png","datePublished":"2023-07-17T09:40:35+00:00","dateModified":"2025-08-21T10:28:36+00:00","breadcrumb":{"@id":"https:\/\/latelierdubois.net\/index.php\/nos-produits\/#breadcrumb"},"inLanguage":"en-US","potentialAction":[{"@type":"ReadAction","target":["https:\/\/latelierdubois.net\/index.php\/nos-produits\/"]}]},{"@type":"ImageObject","inLanguage":"en-US","@id":"https:\/\/latelierdubois.net\/index.php\/nos-produits\/#primaryimage","url":"https:\/\/latelierdubois.net\/wp-content\/uploads\/2023\/07\/coffret-6x33cl-1-1.png","contentUrl":"https:\/\/latelierdubois.net\/wp-content\/uploads\/2023\/07\/coffret-6x33cl-1-1.png"},{"@type":"BreadcrumbList","@id":"https:\/\/latelierdubois.net\/index.php\/nos-produits\/#breadcrumb","itemListElement":[{"@type":"ListItem","position":1,"name":"Accueil","item":"https:\/\/latelierdubois.net\/"},{"@type":"ListItem","position":2,"name":"NOS PRODUITS"}]},{"@type":"WebSite","@id":"https:\/\/latelierdubois.net\/#website","url":"https:\/\/latelierdubois.net\/","name":"L'ATELIER DU BOIS","description":"","publisher":{"@id":"https:\/\/latelierdubois.net\/#organization"},"potentialAction":[{"@type":"SearchAction","target":{"@type":"EntryPoint","urlTemplate":"https:\/\/latelierdubois.net\/?s={search_term_string}"},"query-input":{"@type":"PropertyValueSpecification","valueRequired":true,"valueName":"search_term_string"}}],"inLanguage":"en-US"},{"@type":"Organization","@id":"https:\/\/latelierdubois.net\/#organization","name":"L'ATELIER DU BOIS","url":"https:\/\/latelierdubois.net\/","logo":{"@type":"ImageObject","inLanguage":"en-US","@id":"https:\/\/latelierdubois.net\/#\/schema\/logo\/image\/","url":"https:\/\/latelierdubois.net\/wp-content\/uploads\/2023\/11\/cropped-latelier-du-bois217.png","contentUrl":"https:\/\/latelierdubois.net\/wp-content\/uploads\/2023\/11\/cropped-latelier-du-bois217.png","width":2216,"height":2324,"caption":"L'ATELIER DU BOIS"},"image":{"@id":"https:\/\/latelierdubois.net\/#\/schema\/logo\/image\/"}}]}},"_links":{"self":[{"href":"https:\/\/latelierdubois.net\/index.php\/wp-json\/wp\/v2\/pages\/32","targetHints":{"allow":["GET"]}}],"collection":[{"href":"https:\/\/latelierdubois.net\/index.php\/wp-json\/wp\/v2\/pages"}],"about":[{"href":"https:\/\/latelierdubois.net\/index.php\/wp-json\/wp\/v2\/types\/page"}],"author":[{"embeddable":true,"href":"https:\/\/latelierdubois.net\/index.php\/wp-json\/wp\/v2\/users\/1"}],"replies":[{"embeddable":true,"href":"https:\/\/latelierdubois.net\/index.php\/wp-json\/wp\/v2\/comments?post=32"}],"version-history":[{"count":11,"href":"https:\/\/latelierdubois.net\/index.php\/wp-json\/wp\/v2\/pages\/32\/revisions"}],"predecessor-version":[{"id":681,"href":"https:\/\/latelierdubois.net\/index.php\/wp-json\/wp\/v2\/pages\/32\/revisions\/681"}],"wp:attachment":[{"href":"https:\/\/latelierdubois.net\/index.php\/wp-json\/wp\/v2\/media?parent=32"}],"curies":[{"name":"wp","href":"https:\/\/api.w.org\/{rel}","templated":true}]}}